6*u + 1. What is p(n)?
-5
Let o(n) be the second derivative of 2*n**3/3 + n**2/2 + 153*n. Suppose 2*c = -2*c. Suppose c = 5*y - 15, -6*b = -b - 4*y + 7. Calculate o(b).
5
Let n(o) = 6*o**2 - 98*o - 76. Let z be n(17). Let a(q) = 2*q - 4. What is a(z)?
-20
Let h(n) = 2*n**2 - n + 91. Let u(d) = 5*d**2 - 5*d + 226. Let r(j) = 12*h(j) - 5*u(j). Give r(4).
-2
Let j(y) = y**2 - 29*y + 170. Let n be j(21). Let g(x) = -3809*x + 3810*x - 4*x**2 - 3*x**2 + 3*x**n - 2. Calculate g(-2).
-20
Let j(m) = 24*m + 65. Let i(y) = -y**3 + 14*y**2 + 65*y - 242. Let s be i(17). Determine j(s).
-31
Let f = -114 - -191. Let p = f + -79. Let d(q) = -8*q**3 - 2*q**2 + 20*q + 9. Let k(u) = -3*u**3 - u**2 + 7*u + 3. Let c(i) = 4*d(i) - 11*k(i). Give c(p).
1
Let o(l) be the third derivative of l**4/24 - 5*l**3/6 + 44*l**2 - 2*l. Suppose 2*f - 3*r = 0, 3*r = -3*f - 2*r + 38. What is o(f)?
1
Let u(h) = h**2 + 37*h + 303. Let w be u(-25). Let y(p) = p - 2. Let i be y(5). Let g(n) = 3*n + 14*n**i - 13*n**3 + w*n - 7*n**2 + 8. Calculate g(6).
8
Let c(i) be the third derivative of i**4/8 - 7*i**3/3 - 979*i**2. Determine c(13).
25
Suppose 629*j + 3002 + 143 = 0. Let t(y) be the first derivative of -2*y**2 - 11*y - 1. Give t(j).
9
Suppose 0 = 4*s + 22*s + 137*s. Let g(b) = -2*b**2 - b + 16. Determine g(s).
16
Let z(a) = 8211*a - 8201*a - 7*a**2 + a**3 - 4*a**3 + 1 + 4*a**3. Give z(5).
1
Let v(t) be the first derivative of t**2 + t - 1. Let o(b) = 2*b**2 + 6*b - 3. Let p be o(-3). Let l be (9 + -8 + 2)/p. What is v(l)?
-1
Suppose -101*v + 26 = -114*v. Let z(h) = -22*h. Determine z(v).
44
Let c = 32 - 30. Suppose -2 = -2*g + c*v, v = -2*g + 3 + 2. Let k(r) = 10 - r - 14 + r**3 - 5*r**2 + 0*r - r**g. Determine k(6).
-10
Let a(g) = -3*g + 1062*g**3 + 22*g**2 + 2*g + 0*g**2 + 7 - 1061*g**3. Determine a(-22).
29
Let h(f) be the second derivative of 1/24*f**4 + 0 - 1/60*f**5 + 9*f - 7/3*f**3 + 0*f**2. Let q(x) be the second derivative of h(x). Calculate q(1).
-1
Suppose -3 = -w + 85*d - 86*d, -2*w - 6 = -2*d. Let a(c) = 6*c + 11. Calculate a(w).
11
Let u(i) = -9*i - 2. Let q be 4 + -8*1/2*1. Suppose q = a - 2*o - 14, -5*a = 2*o - 4*o - 30. Suppose -3*y - 2 = a. Determine u(y).
16
Suppose -5*v + 8 + 27 = 0. Let p = 16 - 5. Let j(w) = -w**2 + 7*w - 10. Let s(r) = 5*r**2 - 35*r + 51. Let g(n) = p*j(n) + 2*s(n). Calculate g(v).
-8
Let j = 22 + -25. Let p(d) be the third derivative of -d**5/30 - d**4/6 - d**3/2 + d**2 - 139. What is p(j)?
-9
Let t(v) = -v**2 - 7*v - 7. Suppose 5*h + 14 = -3*z, -z + 11 = 5*h + 29. Suppose -4*n - 26 = -2*x, -21 = -5*n - z*x - 58. Calculate t(n).
-7
Suppose 0 = 3*m - z - 9, -4*z = -6*z. Let w(u) = -3*u - u + m*u - 1. Suppose 5*o - 4*s + 30 = -3*s, s - 24 = 4*o. Give w(o).
5
Let z(m) = m**3 - m**2 - 2*m - 13. Let a be -4 + 370/90 - 2/18. Calculate z(a).
-13
Let x(d) = -d**3 - 8*d**2 - 10*d + 12. Let c be 0 - (-12)/((-64)/(-96)*(-3 - 0)). Give x(c).
0
Let c(z) be the second derivative of -z**5/20 - 5*z**4/6 + 4*z**3/3 + z**2/2 + 49*z - 10. Calculate c(-9).
-152
Let f = 3464 + -3463. Let n(c) be the second derivative of -c**4/2 + c**3/2 + 31*c. Determine n(f).
-3
Let z be (-24)/(-5)*(124/12 + -7). Suppose -p - 2*i - i = -z, 0 = 5*p + 3*i - 20. Let t(m) = 7*m**3 - 2*m + 1. Give t(p).
6
Let i(g) be the first derivative of -g**2/2 + 37. Let j(n) = n + 3. Let z(x) = 2*i(x) + j(x). Let l be -3*(-1)/(2/4). Determine z(l).
-3
Let c(a) = a**2 + a. Let r(m) = -m**3 + 12*m**2 + 5*m - 3. Let z(o) = -4*c(o) + r(o). Let p(x) = 69 - 136 + 78 + x. Let n be p(-3). Give z(n).
5
Let k(g) = -2*g**3 - g**2 - g. Let y be k(-1). Let c(n) = -n**3 - 21 + 5*n - 24 + 44 + 3*n**y. Suppose 2*u = 4 + 2, u = -2*w + 11. What is c(w)?
3
Let s(o) = 2*o - 9. Let x be -14*39/910*35/(-3). What is s(x)?
5
Let j(s) = -35*s**3 - 99*s**2 + 171*s - 116. Let w(m) = -19*m**3 - 50*m**2 + 85*m - 59. Let b(f) = -6*j(f) + 11*w(f). What is b(-46)?
1
Let p(n) be the first derivative of n**4/4 - 2*n**3 - 5*n**2/2 + 2892. Determine p(7).
14
Let p(d) = -41*d + 5 + 0 + 4*d**2 + 44*d + 0 - d**3. Give p(4).
17
Let j(g) = -8 - 12*g**3 + 19*g**3 - 11*g - 6*g**3 - 11*g**2 - g**2. Determine j(13).
18
Let a(j) = -j**2 + j + 4. Let m(o) = 6*o - 4. Let b be m(-9). Let d be (1 + -3)/(-2 - 112/b). Let s = d + -29. Calculate a(s).
4
Let x(i) be the third derivative of 0*i - 19*i**2 + 8/3*i**3 + 0 + 1/8*i**4 + 1/360*i**6 - 7/120*i**5. Let a(u) be the first derivative of x(u). Give a(7).
3
Let g(d) = d**2 + 10*d - 1. Suppose 5*n = -483 + 2053. Suppose 21*v + n - 83 = 0. Calculate g(v).
10
Let c be 81/27*(-1)/((-6)/(-32)). Let g be -8*2/c*4. Let j(v) = -3*v**2 + 6*v**3 - 4*v**3 - v**3 + 5 - 6*v. Give j(g).
-3
Let d = 7737 + -7736. Let t(r) = -49*r + 52. What is t(d)?
3
Let n(y) = -2*y**2 - 26*y - 58. Let a be n(-10). Let b(s) = 18*s**2 - 4 - 4*s + 6 + 11*s**2 - 31*s**2 + a*s. What is b(-4)?
-22
Let j(g) be the second derivative of g**5/10 - g**4/3 - 7*g**3/6 + 7*g**2/2 + 437*g. Give j(3).
4
Let p be ((-69)/9)/(3/(-1044)). Suppose 11*k = 15*k - p. Let h(f) = 3*f + 674 - k - 2*f. What is h(5)?
12
Let l(s) be the first derivative of -5*s**2/2 - 126*s + 4487. What is l(-24)?
-6
Let p(m) = 8*m**3 - 3*m**2 - 9*m + 9. Let q(o) = -7*o**3 + 3*o**2 + 8*o - 8. Let f(n) = -8*p(n) - 9*q(n). What is f(-4)?
16
Let i(l) = l**3 - 16*l**2 - 18*l + 19. Let b be i(17). Let g(a) = -98*a + 7*a**b - 3*a**3 - 9 + 100*a + 2*a**3 + 0*a**3. Let w = -9 + 16. What is g(w)?
5
Let f(p) be the second derivative of -7*p**5/10 - p**4/6 + p**2/2 + 2954*p. Let n(j) = -j. Let q be n(-4). Let o = q - 3. What is f(o)?
-15
Let b(n) = -n**2 - 6*n + 12. Let r = 928 + -1316. Let y = 381 + r. Determine b(y).
5
Let d(k) = -k - 23*k**2 - 25*k**2 - 22*k**2 + 32*k - 101 + 71*k**2. Calculate d(-34).
1
Suppose 0 = 5*f - 0*h - 5*h - 20, 0 = 5*f + 5*h. Suppose 3*u + 1 = -2*z + 2*u, 2 = -f*u. Suppose -8*r + 3*r = z. Let n(m) = -m**3 + m**2 + m + 5. What is n(r)?
5
Suppose 6 - 3 = -3*i, 0 = -2*c - 3*i + 1077. Let u = 547 - c. Let f(a) = 3 + 2*a + 0*a - 4*a. Calculate f(u).
-11
Let o(j) = -j**2 - j. Let l(u) be the third derivative of u**6/120 + u**5/6 + 7*u**4/24 - 3*u**3 - 27*u**2. Let y be l(-9). Give o(y).
0
Let p(w) = -3 + 2*w**3 - 3804*w**2 + 3801*w**2 - w**3. Let c be p(3). Let h(f) = -6*f - 2. Let j(x) = -6*x - 2. Let a(r) = -7*h(r) + 6*j(r). Determine a(c).
-16
Let x(b) = -2*b**2 + 11*b + 86. Let r(v) = v**2 - 12*v - 105. Let p(w) = 5*r(w) + 6*x(w). Determine p(3).
-54
Let y(m) = -m**3 + 4*m**2 + 3*m - 3. Let o(c) = 2*c**2 + 2*c. Let k be o(2). Let t be -10*((-6)/k)/1. What is y(t)?
-13
Let s(y) = y. Let u(n) be the second derivative of n**3/6 + 3*n**2 + 4*n. Let l be (-2)/(-1) + -5 + 10/(-1). Let o be u(l). Determine s(o).
-7
Let s(n) = 15*n. Suppose -2*q + 4*m = 34, 3*m = q - 7 + 25. Let k(c) = 60*c. Let p(j) = q*s(j) + 4*k(j). What is p(2)?
30
Let l(u) = -23*u**2 + 117*u + 45*u**2 - 135*u - 18 - 21*u**2. Calculate l(19).
1
Let x(r) = -r**2 + 10*r + 63. Let v be x(13). Suppose 0 = 9*a - 6 + v. Let p(i) = -3*i - 2. Calculate p(a).
4
Let w(s) = s**3 - 9*s**2 + 19*s - 45. Let p(y) = -2*y**3 + 19*y**2 - 38*y + 77. Let x(c) = 3*p(c) + 5*w(c). Calculate x(10).
16
Let j(c) = c**3 - 11*c**2 + 9*c + 12. Let k(v) = v**3 + 25*v**2 + 3*v + 85. Suppose -3*q - 501 = -426. Let o be k(q). What is j(o)?
2
Suppose 2*m = -a - 0*a + 5, -m = -4*a - 16. Let h(n) = -m + 9*n + 20*n - 33*n. What is h(2)?
-12
Let n(b) be the first derivative of b**2/2 - 16*b + 2893. Give n(22).
6
Suppose 0 = 251*a - 250*a + 2*b + 5, -3*a + 2*b - 47 = 0. Let y(c) = 14*c + 184. What is y(a)?
2
Let m(v) be the second derivative of -v**5/20 - 5*v**4/6 - v**3 - v**2 + 10480*v. Determine m(-9).
-29
Let m(d) = 3*d**3 + 26*d**2 + 7*d + 20. Let q be m(-8). Let g(r) = r - q + 183 - 110. Give g(13).
-6
Let t(g) = -g**3 + g**2 - 15*g + 47. Let u be t(3). Let l(k) = -k - 14. Give l(u).
2
Let r(f) = f**3 - f**2 - 3*f - 9. Let a = -668 + 671. Determine r(a).
0
Let p be (-2 - -8)*(440/33)/20. Let m(c) = -c**3 + 6*c**2 - 12*c + 8. Determine m(p).
-8
Let g(o) = 6*o - 7. Suppose -24 = -2*f - 16. Suppose -22 = -2*q + f*a + a, 3*q - 5*a - 23 = 0. Let h(k) = 5*k**2 - k + 2. Let y be h(q). Determine g(y).
29
Let l(t) = 11*t - 57. Suppose -4*j - 2*s + 16 = -j, 3*s = 5*j - 33. Calculate l(j).
9
Let i(t) = -t**2 - 16*t - 8. Let w be (-